a + 140 = 4*d. What is the greatest common divisor of 75 and d?
15
Let q be 1/(-2)*(2 + 0). Let t = q - -3. What is the greatest common divisor of t and 10?
2
Let h(p) = -p**2 - 11*p + 7. Let s be h(7). Let n be 1/4 - s/4. What is the greatest common factor of n and 75?
15
Let u(z) = z**3 - z**2 + z + 1. Let j be u(3). What is the highest common factor of j and 44?
22
Suppose 4*t - t - 417 = 0. Let x = t + -35. What is the highest common divisor of 13 and x?
13
Let c(h) = 4*h**2 - 4*h - 15. Let g be c(-6). Calculate the greatest common divisor of 17 and g.
17
Suppose 2*j - 3*y = 38, -54 = -6*j + 2*j - 5*y. Calculate the greatest common factor of 8 and j.
8
Let g = 271 + -120. Suppose -4*m = -3*v - g, -4*m + 2*v = -194 + 40. Let a = 7 - 2. Calculate the greatest common divisor of m and a.
5
Let m = 34 - 23. Suppose 0 = -2*d - 2*h + 186, -h + 15 = 2*h. What is the highest common divisor of d and m?
11
Let u = 26 + -43. Let t = -15 - u. Calculate the highest common factor of t and 16.
2
Suppose 5*f - 59 = y, 4*f - 3*y - 3 = 42. Suppose 7 - f = -j. Calculate the highest common divisor of j and 5.
5
Let o = 49 - 47. Calculate the highest common divisor of 10 and o.
2
Suppose 1 = -j + 4*p, -5*p - 46 = -5*j - 2*p. What is the greatest common divisor of j and 55?
11
Let p = 15 - 12. Suppose -q - q = 5*k - 28, 0 = 2*q - p*k - 60. Calculate the greatest common factor of q and 120.
24
Let j = 51 + -43. What is the highest common factor of 16 and j?
8
Let q be 1/3 - (-130)/15. Calculate the greatest common divisor of 72 and q.
9
Let r(w) = w**2 + 5*w - 3. Let z be r(-5). Suppose 6*n = n + l + 20, -2*n + 2*l = 0. Let x = z + n. Calculate the greatest common factor of x and 6.
2
Let h be (4/6)/((-1)/(-15)). Let j be (32/(-20))/((-2)/h). Let l be j - (-3 - 1)/2. What is the highest common factor of l and 4?
2
Let s(j) = j**2 - 5*j - 4. Let u be s(6). Let p(b) = u + 2*b**3 - 6*b**2 + 4*b**2 - 2*b**2 - 4. Let a be p(3). What is the highest common factor of 4 and a?
4
Let h(d) = d - 23. Suppose 2*w + w = 4*u, u + 5*w = 0. Let c be h(u). Let m = c - -71. Calculate the greatest common factor of m and 12.
12
Suppose -32 = -2*n - 2*f + 8, 4*n - 2*f - 74 = 0. What is the highest common factor of 133 and n?
19
Suppose -324 = -11*w + 5*w. Calculate the highest common factor of w and 135.
27
Let t = 205 - 106. Let y = 33 + -6. Let w be 249/y - 4/18. Calculate the highest common divisor of t and w.
9
Let n be 0 - 1 - (1 + -1). Let i(b) = -4*b. Let m be i(n). Suppose 5*k - 40 = -2*u, 0*u = 2*u - 4*k - 4. Calculate the highest common factor of u and m.
2
Suppose -128 = -6*l + l + 2*w, 0 = 3*l + 4*w - 56. What is the greatest common factor of 264 and l?
24
Let g = -17 + 14. Let z be 13/(4 + (-6 - g)). What is the greatest common factor of z and 39?
13
Suppose f - 8 - 2 = 0. Calculate the highest common divisor of 5 and f.
5
Let v be (-2 + (-46)/(-6))*(-2 - -5). Calculate the highest common factor of v and 136.
17
Let v = -21 + 52. Let r = -7 + v. What is the greatest common divisor of 8 and r?
8
Let r = -195 - -427. Calculate the greatest common factor of 29 and r.
29
Suppose 0 = 2*l - 5*r - 0*r - 193, -4*l + r + 341 = 0. Let a(u) = -u**3 - 6*u**2 - 6*u + 7. Let f be a(-5). Calculate the greatest common factor of l and f.
12
Let z(q) = 2*q + 5. Let i(r) = 3*r + 6. Let c(b) = 5*i(b) - 6*z(b). Let s be c(2). Calculate the highest common factor of s and 60.
6
Let z = 3 + 5. Let m(j) = 4*j**2 - 14*j - 4. Let v be m(6). What is the highest common factor of v and z?
8
Let y = 104 + -60. Calculate the highest common factor of 110 and y.
22
Let t = -5 + 20. What is the greatest common divisor of t and 120?
15
Let c(n) = -16*n + 3. Let o be c(-2). Calculate the greatest common factor of 5 and o.
5
Let c(n) = -2*n - 1. Let b be c(-3). Let u = -4 - -6. Let j be 8 + (u/1 - 0). What is the greatest common factor of j and b?
5
Let c(y) = -y + 1. Let b be c(-6). Calculate the highest common divisor of b and 35.
7
Suppose -1365 = -94*w + 89*w. What is the highest common divisor of w and 21?
21
Suppose -4*t = 4 + 28. Let h be (-26)/(-8) + 2/t. Suppose y = h + 6. What is the greatest common factor of 18 and y?
9
Let o be (2 - -42)/(3 - 1). Calculate the highest common divisor of 33 and o.
11
Let j = -5 + 9. Suppose -3*o = -s + 121, j*o + 121 = s - o. Suppose 0 = 2*h - 4*h, -l = 2*h - 11. What is the greatest common divisor of s and l?
11
Suppose -5*o + 2*f + 6 = -5, -f = -2. Let u = -1 + o. Suppose u*g = 0, n - 36 = 6*g - 3*g. What is the greatest common divisor of n and 12?
12
Suppose 13*k - 36 = k. Let o be 0 + (2 + -3 - -3). What is the highest common divisor of k and o?
1
Suppose -v - 4*n = -7*n - 16, 2*n = -4*v + 36. What is the highest common divisor of 2 and v?
2
Suppose 0 = 3*s + 2*s - 70. What is the highest common divisor of s and 14?
14
Suppose -4*w - 24 = -5*b, -5*b + 3*w = -3*b - 11. Calculate the highest common divisor of b and 4.
4
Suppose 4*j - 3 = 3*j, 0 = -3*x - j + 39. Let q be 9/2*368/6. Let z = q + -180. Calculate the highest common factor of x and z.
12
Suppose 4*u = 2*z + 110, 16 + 29 = 2*u + z. Let c = -38 - -48. Calculate the highest common factor of c and u.
5
Suppose 3*g + 5*m = 325, 216 = 2*g + m + 2*m. What is the highest common factor of g and 21?
21
Suppose 7*r + 99 = 10*r. Calculate the greatest common factor of 22 and r.
11
Suppose -92 = -4*q + 4*t, -q + 4*t + 39 = -t. What is the greatest common divisor of q and 209?
19
Let c(u) = u**2 + u. Let d be c(-3). Suppose 3*r = -r + 12. Let s be 15*r/((-45)/(-66)). What is the highest common factor of d and s?
6
Suppose -2*c = 3*c - p + 101, -5*p = 5*c + 95. Let a = -77 - -30. Let b = c - a. What is the highest common divisor of b and 18?
9
Suppose r - 2*r + 5*s + 106 = 0, 0 = 2*r + 4*s - 212. Let x be (-1941)/(-12) + 2/8. Let o = x - r. What is the highest common factor of o and 8?
8
Let h(z) = -2*z**3 - 5*z**2 - 7*z - 4. Suppose 1 - 11 = 2*j - 2*s, 0 = j - 4*s + 8. Let t be h(j). Calculate the highest common factor of 9 and t.
9
Let t(y) = 71*y**2 + 2*y - 1. Let l be t(1). Suppose -12 + l = 2*z. What is the greatest common divisor of 10 and z?
10
Let q be 21 + 0 + -1*1. Let d(y) = -y**2 + 10*y. Let g be d(10). Let s = 5 - g. What is the greatest common divisor of s and q?
5
Let s be 4/16*0 - -21. Let c(a) = -a**3 + 4*a + 3. Let k be c(-2). Calculate the highest common divisor of s and k.
3
Let b be -1 - (-5)/(5/4). Let u be (-8)/(-12) - (-166)/b. Suppose 0 = 10*g - 10 - 60. What is the greatest common divisor of g and u?
7
Let n = 9 - 5. What is the greatest common factor of n and 10?
2
Suppose -2*h + 2*q + 158 = 3*h, 3*q + 12 = 0. Let u be -1 + h - (-12)/4. Let d(t) = 24*t. Let r be d(2). Calculate the highest common factor of u and r.
16
Let n = 44 + -11. Suppose -9*k + 269 = 71. Calculate the greatest common divisor of n and k.
11
Let n = 12 - 0. What is the highest common factor of n and 6?
6
Let g be (-4)/(-5) - (-10)/50. What is the greatest common factor of 8 and g?
1
Let u be 2/(-3) + 266/(-6). Let w = u - -63. Let r be 1 - (1 - 1) - -17. What is the greatest common factor of w and r?
18
Suppose -8 = -2*y + 24. What is the greatest common divisor of y and 16?
16
Suppose -p = -3*c - 0*c + 81, 0 = 4*c + p - 101. What is the greatest common divisor of 39 and c?
13
Let d(z) = z**3 + 4*z**2 - 4*z + 6. Let w be d(-5). Let l(h) = 2*h + 2 - 5 + 2. Let s be l(5). Calculate the greatest common divisor of s and w.
1
Let l = 41 - 22. Let p be (42 - 5) + 0 + 1. What is the highest common factor of l and p?
19
Let d = 44 + 2. Suppose -3*s + 8 = -d. Calculate the highest common factor of 2 and s.
2
Suppose -2*v + 17 = -4*t - 15, 5*v + t - 25 = 0. Calculate the highest common factor of v and 12.
6
Let q = 64 + -9. Let l(m) = m + 19. Let j be l(-8). Calculate the greatest common factor of j and q.
11
Let c be 2/(6/(-10) - -1). Let a be (-5)/(c/(-12)) + -2. Let j(n) = 7*n**2 + 2*n - 2. Let o be j(2). What is the highest common factor of a and o?
10
Let f(s) = -s**2 - 7*s - 1. Let o be f(-6). Suppose -5*b = m - 20, o*b + m - 15 = b. What is the highest common divisor of b and 1?
1
Suppose 0 = 13*r - 18*r + 980. Calculate the highest common factor of 28 and r.
28
Let z(r) = r + 12. Let k be z(-10). Suppose -2*x = 2*n - 